t s(v) = -350*v**2 - 46*v - 65. Let b(u) = -174*u**2 - 22*u - 32. Let h(q) = -7*b(q) + 3*s(q). Is h(8) a composite number?
False
Let h = 5031 - 538. Let j = h - 3199. Is (-2)/(-11) + j/22 composite?
False
Let g(y) = 10*y - 23. Let f be g(-4). Suppose 4*v = 12, 2*k + 3*k = 2*v - 11. Is k + f/(9/(-4) + 2) composite?
False
Let z(o) = -23*o - 150. Let n be z(-13). Suppose 148*r - n*r = -2579. Is r prime?
True
Suppose -8*r - 10969 + 52753 = 0. Suppose r = s + 21*t - 23*t, 2*t - 5231 = -s. Is s composite?
False
Let a(b) = 1007 + 1210*b**3 + 1740*b**3 - 1000 + 3592*b**3 - 7*b - b**2. Is a(1) composite?
True
Let l = 319596 + 3737. Is l composite?
False
Is 13/(585/(-10)) - 3882525/(-27) prime?
True
Let v(m) = 3*m**2 - 8*m - 8. Let s be v(-1). Suppose 3*y = -2*z + 15924 + 3427, 19349 = s*y + z. Is y composite?
False
Let k(n) = n**2 - 17*n - 16. Let p be k(-6). Let y = 128 - p. Suppose -y*q + 12*q - 1842 = 0. Is q composite?
False
Let c(b) = 480*b**3 - 5*b**2 - 2*b + 1. Let a be (1/(-2))/((-5)/((-120)/2)). Let p be (10/55 - -2) + a/33. Is c(p) a prime number?
False
Let y = -6724 + -18486. Is (-14)/4*y/35 a prime number?
True
Suppose 17*x + 18 = 16*x. Let l = x + 20. Suppose 2346 = l*h - 80. Is h prime?
True
Let i = -14777 - -200860. Is i a composite number?
True
Let d be 3/1*40/12. Let n(v) be the second derivative of v**5/20 + v**4/4 - 4*v**3/3 - 19*v**2/2 + 4*v - 153. Is n(d) a prime number?
True
Suppose 21*a + 33305 - 95235 = -a. Is a a composite number?
True
Let q(t) = 1. Let y(r) = 5. Let p(a) = 9*q(a) - 2*y(a). Let u(s) = s**3 + s**2 - 11*s + 1. Let i(m) = -5*p(m) + u(m). Is i(7) a prime number?
False
Suppose 30*h + 2333640 = 54*h. Is h prime?
False
Let t(i) = 2*i**2 - 25*i + 17. Let q be t(12). Let o be 9/q + 2/10 - 3. Let l = 96 - o. Is l composite?
False
Let v = -263 - -267. Suppose -40*r = v*b - 36*r - 29672, -3*b - r = -22260. Is b a composite number?
True
Suppose 0 = -9*f + 11*f + 3*p - 42971, 3*f - 3*p - 64434 = 0. Is f a composite number?
False
Let f = 147 + -144. Is f/(-1) - (-2385 + 65) a prime number?
False
Let o(u) = 761*u - 59. Let h be o(-5). Let p = h + 7258. Is p composite?
True
Suppose -t + 89183 + 166094 = 2*l, -3*t = 2*l - 255283. Is l prime?
True
Let i(w) = -1380*w**3 + 64*w**2 - 2*w - 65. Is i(-6) prime?
True
Suppose 0 = u - 2, 0*u - 74 = -4*y - 5*u. Let h(n) be the third derivative of -n**6/120 + n**5/3 - 23*n**4/24 + 7*n**3/2 - 3*n**2. Is h(y) composite?
False
Let o = 417 - 417. Suppose 8*u - 5*u - 72 = -3*s, s - 2 = o. Is u a prime number?
False
Let o = 280 - 264. Is 46044/o + 15/12 prime?
True
Let g(u) = -150*u + 2. Let d be g(6). Let r = d - 69. Let t = r + 1532. Is t prime?
False
Let b(g) = 3*g**3 + 130*g**2 + 60*g + 19. Is b(36) a prime number?
True
Let v = -159 - -156. Is (6 - (3 + 2520))/v composite?
False
Let y(m) = 116*m**2 - 124*m - 39. Is y(29) composite?
True
Is 435010 - (-19 + 11) - 7 composite?
True
Let t(d) = 50*d + 79. Suppose b = -2*f + 2*b + 15, 3*b = -9. Is t(f) a composite number?
False
Is 6 - ((-670392)/(12 - -6) - (-6 + -1)) a composite number?
False
Suppose 77*p - 6446114 = -45*p. Is p prime?
True
Let a = 424013 + -244974. Is a composite?
True
Suppose w = 5*h + 2486588 - 7084448, -10 = -2*w. Is h a prime number?
False
Let g(f) be the second derivative of 13*f**5/20 - f**4/3 - f**3 + 37*f**2/2 - 2*f - 12. Is g(8) a composite number?
False
Let u = 812 - 339. Suppose 51 = 5*s - 2*q - u, -5*q = -3*s + 322. Suppose -165 - s = -l. Is l prime?
True
Let m be -1 + 6 - (-7)/49*0. Suppose -2*x = -5*k - 4554, m*k - 1282 = -x + 965. Is x a composite number?
False
Let n = -156 + 155. Let p(v) = -1891*v + 15. Is p(n) composite?
True
Let r = 18315 - -1346. Is r composite?
False
Is 172672/20 + 6 - (-6)/(-10) a composite number?
True
Let v = 15461 + 3914. Suppose q - 58117 = -3*i, 18*i - 19*i + q + v = 0. Is i a composite number?
False
Let j = 50 - -680. Suppose -58*v + j = -56*v. Is v a prime number?
False
Let v(y) = -75*y + 541. Is v(0) prime?
True
Let r(a) = 3*a**3 - 40*a**2 - 14. Let t(o) = -o**3 + 13*o**2 + 5. Let d(h) = -3*r(h) - 8*t(h). Let i be d(16). Is i/6 - 23264/(-12) a composite number?
True
Let n(w) = -572 - 2*w + 3*w + 19*w**2 + w + 303 + 276. Suppose -3*b + 8*b = 20. Is n(b) a composite number?
True
Let v = -12222 + 18989. Is v a composite number?
True
Suppose -84 = -26*a - 2*a. Suppose 4*z - a*t = 24533 - 1986, 22559 = 4*z + t. Is z composite?
False
Let l = 592484 + -266061. Is l prime?
False
Is (46028/6 - 7)/((-5)/(-15)) a prime number?
True
Suppose 25*h + 138859 = 643835 + 713574. Is h composite?
True
Suppose 26373032 = 106*a - 66065646. Is a a prime number?
False
Suppose 8*p = -298 + 1394. Suppose 5*w + p = 2*x - 377, 514 = 2*x + 5*w. Is x a composite number?
False
Suppose 2*b = -5*s + 304396, -58*b + 6*s = -61*b + 456585. Is b a composite number?
False
Suppose -p + 3*p + 8 = 0, 4 = -2*u - p. Suppose u = -14*x + 17*x - 15, -4*x + 361 = s. Is s prime?
False
Suppose -3*z = -23 + 11. Suppose -5*i = -z*d + 3*d + 465, -2*i + 882 = 2*d. Is d composite?
True
Let f(a) = -4065*a - 15. Let t(q) = -q - 2. Let w(v) = 2*f(v) - 18*t(v). Let y be w(-2). Suppose 3*n + 3*n - y = 0. Is n prime?
False
Let l(v) = 35*v**3 - 6*v**2 + 10*v + 228. Is l(21) composite?
True
Is 10640067/9 - 336/288*8/14 a prime number?
False
Suppose 0 = 70*i - 52*i - 450. Let d(j) = j**3 - 17*j**2 + 19*j + 32. Is d(i) prime?
True
Suppose -3*s + 7 = -5*k - 21, 0 = 2*k + 2*s + 24. Let q(n) = -194*n - 25. Is q(k) a prime number?
False
Suppose 20 = -5*r, 3*z + 1392 = 3*r - 3465. Let x = z - -3928. Is x a prime number?
False
Suppose 0*r - 8*d = 5*r - 449545, -2*d = -2*r + 179818. Is r a composite number?
False
Let w(h) be the second derivative of -214*h**5/5 + h**4/12 - h**3/3 - h**2 + 9*h. Let b be w(-1). Suppose b = 4*u - 2595. Is u prime?
True
Let r = -30 + 26. Let g be 20/8*r/(-5). Suppose -2*w + 1284 - 86 = -g*o, -4*o = 5*w - 2995. Is w composite?
False
Suppose 0 = -4*i + 2 + 10. Let w be i/(12/4216) + -1. Is w + 2 + 0/(-1) composite?
True
Let l(b) be the first derivative of 37*b**2 + 175*b + 152. Is l(4) a prime number?
False
Let s(k) = k**3 + 11*k**2 + 28*k - 5. Let j be s(-7). Is (62/j)/(16/(-6280)) a composite number?
True
Let z = 13425 + -7341. Suppose 8 - 2 = -3*w, -7860 = -2*k - 5*w. Suppose -2*b + 5*y + k = -z, -5*b + 25033 = 2*y. Is b a prime number?
False
Suppose 4*z - 4*u = -u - 22, 5*z + 26 = 3*u. Is (196*z)/(-2) - (-40)/8 a prime number?
True
Let z(u) = -2*u**3 + u**2 + 9*u + 47. Let m be z(-10). Let s = 9264 - m. Is s a composite number?
False
Suppose 371*y = 367*y + 16, h - 1028819 = -4*y. Is h a prime number?
True
Let r(c) = -c + 12. Let f be r(10). Suppose -4*w - 56002 = -f*n, 3*w + n + 41979 = -2*n. Is w/8*(-52)/39 prime?
True
Let l be 16/3 + 4/6. Let m(h) = 4*h**3 - 7*h**2 + 3*h - 15. Let z be m(l). Let v = 1188 - z. Is v a prime number?
False
Let z(y) = -7896*y**3 - 20*y**2 - 61*y - 64. Is z(-3) prime?
True
Let f(v) = 4*v - 2*v + 3*v - v - 5. Let h be f(2). Suppose -h*i + 11834 = u, 5*u = 2*i - 5808 - 2053. Is i composite?
False
Suppose -22*y + 278028 = 5*t - 23*y, -222484 = -4*t - 8*y. Is t composite?
True
Let m = 37 + -33. Suppose -m*a + 37 = 1. Is (1140/a)/5 + 2/(-6) a composite number?
True
Suppose -5*c + 7*j - 3*j + 257 = 0, 3*j - 165 = -3*c. Suppose -c*u + 216570 = 75007. Is u prime?
True
Suppose -15*n = -8*n - 28. Suppose 0 = -3*x + 4*u + u + 12557, -n*x + 3*u = -16750. Let q = x + -1752. Is q composite?
False
Is ((-2 - 0)*1/2)/(422/(-11950618)) composite?
False
Let s(o) = -o**3 - 16*o**2 - 15*o + 6. Let w be s(-15). Let q be (-7 + 8)*-10*(-3)/w. Suppose m - 4*n = 1229, 2092 + 431 = 2*m + q*n. Is m composite?
False
Suppose 2*s - 105 + 39 = -z, s - 42 = 4*z. Let i = -32 + s. Suppose 2460 = -i*b + 6658. Is b a prime number?
True
Suppose -l + 13744937 = 12*w - 0*l, -5*l = -5*w + 5727030. Is w a prime number?
True
Let g be 7 - 36/(-27)*(-6)/(-4). Let m(k) = -5*k - 4*k + k + 11*k**2 + g*k - 29. Is m(-9) a prime number?
True
Let u = 54 + -51. Suppose 0 = 4*w + d - 1313, 1322 = 4*w - u*d + d. Is w prime?
False
Let r(u) = -7*u**2 + 14*u + 47. Let k(y) = -4*y**2 + 6*y + 23. Let o(n) = 5*k(n) - 3*r(n). Suppose 1 = 2*l - 41. Is o(l) composite?
False
Suppose 100 = -2*m + 6*m. Let r = 1841 + -1840. Let q = r + m. Is q a prime